-56. Does 18 divide f?
False
Let y(g) = 14*g - 21. Let b(n) = n. Let t(o) = 2*b(o) + y(o). Is 57 a factor of t(12)?
True
Let r(z) = -z**3 + 6*z**2 + 4*z + 1. Let h be r(6). Suppose 10*l - 5 - h = 0. Suppose -l*w + i = 6*i - 417, -5*i = w - 139. Is 30 a factor of w?
False
Suppose 0 = -4*r + 20, -16*d + 18*d - 11377 = -3*r. Is d a multiple of 48?
False
Let b(z) be the second derivative of -89*z**5/20 + z**3/2 - z**2 - 7*z. Let a be b(-2). Suppose a = 12*j - 400. Is j a multiple of 46?
True
Let y be (100 + 0)/10 - (-4 + 2). Let a(u) = 3*u**2 - 28*u + 61. Does 2 divide a(y)?
False
Is 411 - ((-96)/(-240) - (-54)/(-10)) a multiple of 5?
False
Suppose 4*s = -7 - 13. Is (-48)/(-120) + (-813)/s a multiple of 18?
False
Let j(x) = 5*x - 48. Let f be j(10). Suppose 0 = l + f*l. Suppose -3*m - 2*m + 175 = l. Is m a multiple of 26?
False
Let a(n) = -n**3 - 8*n**2 - 7*n + 17. Let t be a(-10). Suppose -t + 127 = -5*s. Does 4 divide s?
True
Let f(h) = -h - 9. Let y be f(-9). Suppose -g + 28 = -y. Does 14 divide g*(-4 + 3)/(1/(-2))?
True
Suppose -8*h - 3*p + 31630 = 0, h + 12*p = 14*p + 3949. Is 98 a factor of h?
False
Let o(d) = 119 + 3*d + 11*d - 281 + 140. Does 24 divide o(7)?
False
Let o = -211 + 303. Let w = o + 282. Is 22 a factor of w?
True
Let f = -9441 - -17953. Is 56 a factor of f?
True
Suppose 3*v = -2*v + 275. Let c be (49/(-2) - -22)*(0 + 236/(-10)). Let g = c - v. Is 4 a factor of g?
True
Suppose -30129 - 56391 = -309*t. Does 5 divide t?
True
Let g be 26/(5/(125/10)). Suppose 2*z = -5*o + 1140, g = o + 2*z - 171. Does 8 divide o?
False
Let l = -209 + 240. Suppose 0 = -27*n + l*n - 300. Is n a multiple of 5?
True
Suppose -382*q - 2082 = -376*q. Let n = 177 - q. Is 10 a factor of n?
False
Let x(u) = -u**3 - u**2 - 3. Let h be x(5). Let d = h + 240. Let q = 9 + d. Does 16 divide q?
True
Does 3 divide ((-489)/(-33) + (-14)/(-77))/(15/350)?
False
Let x(j) = j**2 + 5*j + 2. Let t be x(-9). Let m = t - 41. Does 14 divide 0 + m/((-12)/1064)?
True
Let u be 1/(-2) - 561/(-6). Suppose -k + 26 = c - u, 4*k = 4*c + 476. Is 17 a factor of k?
True
Let p(u) = u**2 + 2*u + 4. Suppose 2*j + x - 82 = 0, 2*x - 205 = 3*j - 8*j. Suppose -8*q - 7 = j. Does 14 divide p(q)?
True
Suppose -5*w + 7730 = -445*v + 447*v, w + 15438 = 4*v. Does 2 divide v?
True
Let m(t) = -110*t - 4. Let n(f) = 770*f + 28. Let s(w) = 44*m(w) + 6*n(w). Let u be s(-2). Suppose c = -2*c + u. Is c a multiple of 30?
False
Suppose g - 5 = -q - 3, -5*g - 4*q = -8. Suppose -228 = -3*r + 321. Suppose g = -20*z + 17*z + r. Is z a multiple of 30?
False
Suppose -9*q + 27387 = 42*q. Is q a multiple of 17?
False
Let c(j) = -8*j + j**3 + 721*j**2 - 2*j - 732*j**2 - 3*j**3 - 13. Does 12 divide c(-5)?
True
Let s(f) = -4*f + 112. Let h be s(27). Suppose -8*w + 2699 = -h*w - x, w - x - 674 = 0. Is 29 a factor of w?
False
Let r(n) = n**3 - 6*n**2 - n - 9. Let i be r(6). Let p(u) = -7*u - 63. Let m(f) = -3*f - 32. Let t(s) = -5*m(s) + 3*p(s). Does 25 divide t(i)?
False
Does 54 divide (-30)/25*10/22 + 908928/198?
True
Suppose 19*u - 559 - 1436 = 0. Suppose 2*n = 5*n - 18. Suppose 372 = 3*k + n*l - 2*l, k - 5*l = u. Is k a multiple of 12?
True
Suppose 0 = -2*v + 21 - 3. Let m(r) = -619*r + 16. Let w be m(v). Is 4 a factor of (-3)/(-2) + (w/10)/(-11)?
True
Let p = 1095 - 1061. Suppose -5*f + 7 = -3, -3*q = -2*f + 67. Let j = q + p. Does 4 divide j?
False
Let t(z) = -2*z**2 - 4*z + 3. Let g be t(1). Let o be g/12 + (-22)/8 + 80. Let h = o + -37. Is h a multiple of 14?
False
Suppose -3*r = 9, 41*d - 45*d = 4*r + 84. Let n = 186 + d. Is n a multiple of 24?
True
Let v be (-15)/(-25) + 2 + 242/5. Let o be 4/(-6) + (-425)/v. Let n(x) = x + 37. Is n(o) a multiple of 14?
True
Let o = -6663 - -6681. Let j be (1/(-2))/(2/(-8)). Suppose o - 8 = j*w. Is w a multiple of 3?
False
Let u(f) = -4*f + 49. Let x be u(7). Let j be (-530)/(-15) + 2/3. Suppose 23*q - j = x*q. Does 15 divide q?
False
Let f = -25 + 28. Suppose 2*y - 202 = -f*t + 114, 4*y - 3*t = 668. Suppose a - 3*o = 40, 0 = -2*a - a - 2*o + y. Does 26 divide a?
True
Suppose 5*a = 1 + 9. Suppose a*w + 5 = -5. Let o = 21 + w. Is o a multiple of 8?
True
Let o(x) = -2*x**3 - 55*x**2 + 27*x - 28. Let m be o(-28). Suppose 4*j + 141794 - 10894 = m. Is 18 a factor of 2/8 - j/140?
True
Let s = 11 - 5. Let w be 225/60 - s/8. Suppose -v - 62 = -w*v. Is v a multiple of 4?
False
Suppose -2*o + 5*p = -8273, 854*o - 4132 = 853*o + p. Is o a multiple of 12?
False
Let f = 168 - 166. Suppose -m + 5*q = -41, -5*m + f*q + 176 = -52. Does 23 divide m?
True
Suppose 0 = -29*c + 34*c - 20. Suppose -t = -2*p + 1948, -5*p + 7*p - 1928 = -c*t. Does 108 divide p?
True
Let x = -67 - -115. Let p be ((-18)/15)/(126/40 + -3). Let m = p + x. Is m a multiple of 10?
True
Let d = -6502 + 15049. Is d a multiple of 111?
True
Suppose 3*f - 585 = f + g, f - 276 = -5*g. Let i = f - -194. Is 48 a factor of i?
False
Is (196/(-10))/(63/(-60) - -1) a multiple of 5?
False
Is 155 a factor of ((-1512)/(-24))/(-9) + (705 - -1)?
False
Let a(i) = i**2 - 7*i + 14. Let w be a(4). Suppose w*u - 2*o - 30 = 0, -u = -2*u + 2*o + 18. Is 3/u + 95/4 - -3 a multiple of 2?
False
Suppose -4*y + x - 85 = 6*x, -y - x = 21. Let p be (33 + -3)/(8/y). Let g = 178 + p. Is 19 a factor of g?
False
Suppose 2 = 7*s - 5. Let w be 1/(-2)*(1 + s). Let a(g) = -24*g + 8. Is a(w) a multiple of 10?
False
Suppose -228250 - 155174 = 1214*h - 1230*h. Does 27 divide h?
False
Let o = -5954 + 5968. Is 7 a factor of o?
True
Suppose 16*c - 53540 + 260 = 0. Does 5 divide c?
True
Is ((-176)/(-12))/(1/327*2/3) a multiple of 99?
False
Suppose k - 9 = -15*o + 13*o, 0 = o + 5*k + 9. Does 41 divide (5/o - 1/2)*894?
False
Let h(i) = -i**3 - 3*i**2 - i - 1473. Let x be h(0). Let p = -865 - x. Is 32 a factor of p?
True
Let t(q) = -1926*q - 1830. Does 24 divide t(-13)?
True
Let n(g) be the first derivative of g**3/3 - 18*g**2 + 27*g - 47. Is n(38) a multiple of 29?
False
Suppose -16*m + 11*m = 180. Let c be 21/27 - 1 - (-1072)/m. Let v = c - -61. Is 7 a factor of v?
False
Suppose 0 = -4*c - 1071 + 3631. Does 48 divide c?
False
Let n(k) = 5*k**2 + 3*k + 2. Let z be n(-1). Suppose -z*d - 3 + 495 = 0. Suppose d = -12*o + 13*o. Is o a multiple of 22?
False
Let a be (-6)/15 + 3/(-5) + 5. Suppose 0 = -3*y + 3, -3*g - a*y + 149 = -332. Does 7 divide g?
False
Let m(d) = 1385*d**2 + 333*d + 1337. Is 14 a factor of m(-4)?
False
Suppose -5*f + 15128 = -2*r - 3038, 10936 = 3*f + 4*r. Does 18 divide f?
True
Suppose -3*l + s + 0*s = -95, -3*l = 3*s - 111. Let z = -11 + l. Let p = -1 + z. Does 16 divide p?
False
Is 25 a factor of (-1648)/(-3) - ((-56)/(-21))/(-4)?
True
Suppose -i - 6*i = -2709. Suppose -4*t + i = 4*l - 7*t, -382 = -4*l - 2*t. Is 48 a factor of l?
True
Let g(w) = 2*w**2 - 29*w + 105. Let n be g(7). Suppose 0 = 2*h + 4*v - 128 + 22, 2*h - v - 111 = n. Is h a multiple of 23?
False
Suppose 8*j + 3 = 9*j. Let i = -105 - -105. Suppose d = -j*m + 42, i = 3*m + 3. Is d a multiple of 23?
False
Is 598 - ((-10)/(-2) + -7) a multiple of 23?
False
Let n(s) = -424*s + 291. Does 3 divide n(-3)?
True
Let u(f) = 231*f**3 - 12*f + 32. Is u(2) a multiple of 77?
False
Suppose 415*b = 74*b + 1465277. Does 76 divide b?
False
Let o(p) = 12*p**2 - 19*p + 9. Let h(d) = -26*d**2 + 39*d - 19. Let u(n) = 4*h(n) + 9*o(n). Does 9 divide u(-7)?
True
Let l(s) = 3*s**2 + 2*s - 7388*s**3 + 3695*s**3 + 3694*s**3 + 4. Let z be (-1 - -4)/(0 + 1). Is l(z) a multiple of 32?
True
Let s = -167 + 792. Suppose -350 - s = -3*t. Suppose -v + f + 162 = 0, -f = -2*v - 0*v + t. Does 18 divide v?
False
Let d be 1*((-78)/(-9))/((-8)/12). Let b be (-2)/5*(3 + d). Suppose 0 = 3*m - b*m + 72. Is m a multiple of 15?
False
Let b be (2/4)/((-11)/(-88)). Suppose b*y + 9 = 7*y. Suppose 425 = 3*n - 5*i, -y*n + 2*n = 5*i - 135. Does 26 divide n?
False
Let b be 19/57 + (-3 - (-304)/6). Suppose x + 5*l = 69, x + 0*x - 2*l = b. Is 8 a factor of x?
False
Let t(u) = -52*u - 6. Let h be 6/(-7)*(-8 + -244)/(-9). Is t(h) a multiple of 93?
False
Let r(s) be the first derivative of -s**4/12 + 8*s**3/3 + 21*s**2/2 + 10*s - 5. Let k(v) be the first derivative of r(v). Is k(12) a multiple of 18?
False
Let w(k) = 15*k + 84. Let s be w(-5). Let h(b) = 3*b**2 - 18*b - 4. Is h(s) a multiple of 5?
False
Suppose 0 = 5*b + 5*d - 67935, 27177 